{"id":29,"date":"2022-09-06T11:32:21","date_gmt":"2022-09-06T11:32:21","guid":{"rendered":"https:\/\/ncodelab.org\/?page_id=29"},"modified":"2025-07-21T15:50:02","modified_gmt":"2025-07-21T15:50:02","slug":"collaborators-and-supervised-students","status":"publish","type":"page","link":"https:\/\/ncodelab.org\/index.php\/collaborators-and-supervised-students\/","title":{"rendered":"Students and Collaborators"},"content":{"rendered":"<div class=\"fusion-fullwidth fullwidth-box fusion-builder-row-1 fusion-flex-container nonhundred-percent-fullwidth non-hundred-percent-height-scrolling\" style=\"--awb-border-radius-top-left:0px;--awb-border-radius-top-right:0px;--awb-border-radius-bottom-right:0px;--awb-border-radius-bottom-left:0px;--awb-flex-wrap:wrap;\" ><div class=\"fusion-builder-row fusion-row fusion-flex-align-items-flex-start fusion-flex-content-wrap\" style=\"max-width:calc( 1200px + 0px );margin-left: calc(-0px \/ 2 );margin-right: calc(-0px \/ 2 );\"><div class=\"fusion-layout-column fusion_builder_column fusion-builder-column-0 fusion_builder_column_1_1 1_1 fusion-flex-column\" style=\"--awb-bg-size:cover;--awb-width-large:100%;--awb-margin-top-large:0px;--awb-spacing-right-large:0px;--awb-margin-bottom-large:0px;--awb-spacing-left-large:0px;--awb-width-medium:100%;--awb-spacing-right-medium:0px;--awb-spacing-left-medium:0px;--awb-width-small:100%;--awb-spacing-right-small:0px;--awb-spacing-left-small:0px;\"><div class=\"fusion-column-wrapper fusion-flex-justify-content-flex-start fusion-content-layout-column\"><div class=\"fusion-text fusion-text-1\"><h3 class=\"fusion-responsive-typography-calculated\" style=\"--fontsize: 32; line-height: 1.3; --fontSize: 32;\" data-fontsize=\"32\" data-lineheight=\"41.6px\">External collaborators<\/h3>\n<div>\n<ul>\n<li><a href=\"https:\/\/sites.google.com\/view\/cnnp-lab\/?pli=1\">Yujiang Wang and Peter Taylor<\/a> (University of Newcastle, UK)<\/li>\n<li><a href=\"http:\/\/www.ifc.unam.mx\/investigadores\/roman-rossi\">Rom\u00e1n Rossi-Pool<\/a> (Universidad Nacional Aut\u00f3noma de M\u00e9xico, M\u00e9xico)<\/li>\n<li><a title=\"https:\/\/matthieugilson.eu\/\" href=\"https:\/\/matthieugilson.eu\/\">Mathieu Gilson<\/a> (Aix-Marseille Universit\u00e9, France)<\/li>\n<\/ul>\n<h3 data-fontsize=\"32\" style=\"--fontSize: 32; line-height: 1.3;\" data-lineheight=\"41.6px\" class=\"fusion-responsive-typography-calculated\">Current PhD students<\/h3>\n<ul>\n<li>Nicol\u00e1s Medina (2022-2026)<\/li>\n<li>Ferran Craven-Bartle (2025-)<\/li>\n<\/ul>\n<p><span style=\"background-color: rgba(255, 255, 255, 0); color: var(--h3_typography-color); font-family: var(--h3_typography-font-family); font-size: var(--h3_typography-font-size); font-style: var(--h3_typography-font-style,normal); font-weight: var(--h3_typography-font-weight); letter-spacing: var(--h3_typography-letter-spacing);\">Supervised students<\/span><\/p>\n<\/div>\n<ul>\n<li><a href=\"https:\/\/vila-vidal.com\/\">Manel Vila-Vidal<\/a> (<em><strong>PhD<\/strong> in Biomedicine<\/em>, Universitat Pompeu Fabra, 2017-2021): &#8220;Analysis of human intracranial recordings for clinical and cognitive studies&#8221;.<\/li>\n<li>Ferran Cid (<i><b>Bachelo<\/b><strong>r<\/strong>&#8216;s degree in Physics Engineering<\/i>, Universitat Polit\u00e8cnica de Catalunya): &#8220;Understanding information encoding in single neuron pairs with functional modeling&#8221;, January 2025.<\/li>\n<li><span style=\"background-color: rgba(255, 255, 255, 0); color: var(--body_typography-color); font-family: var(--body_typography-font-family); font-size: var(--body_typography-font-size); font-style: var(--body_typography-font-style,normal); font-weight: var(--body_typography-font-weight); letter-spacing: var(--body_typography-letter-spacing);\">Ferran Craven-Bartle (<\/span><i><span style=\"background-color: rgba(255, 255, 255, 0); color: var(--body_typography-color); font-family: var(--body_typography-font-family); font-size: var(--body_typography-font-size); letter-spacing: var(--body_typography-letter-spacing);\"><b>Master<\/b><\/span><span style=\"background-color: rgba(255, 255, 255, 0); color: var(--body_typography-color); font-family: var(--body_typography-font-family); font-size: var(--body_typography-font-size); font-weight: var(--body_typography-font-weight); letter-spacing: var(--body_typography-letter-spacing);\">&#8216;s degree in Biomedical Engineering<\/span><\/i><span style=\"background-color: rgba(255, 255, 255, 0); color: var(--body_typography-color); font-family: var(--body_typography-font-family); font-size: var(--body_typography-font-size); font-style: var(--body_typography-font-style,normal); font-weight: var(--body_typography-font-weight); letter-spacing: var(--body_typography-letter-spacing);\">, Universitat Polit\u00e8cnica de Catalunya): &#8220;Comparative analysis between power and connectivity-based seizure-onset zone identification biomarkers in patients with temporal lobe epilepsy&#8221;, June 2024.<br \/>\n<\/span><\/li>\n<li><span style=\"background-color: rgba(255, 255, 255, 0); color: var(--body_typography-color); font-family: var(--body_typography-font-family); font-size: var(--body_typography-font-size); font-style: var(--body_typography-font-style,normal); font-weight: var(--body_typography-font-weight); letter-spacing: var(--body_typography-letter-spacing);\">Raul Adell (<\/span><i style=\"background-color: rgba(255, 255, 255, 0); color: var(--body_typography-color); font-family: var(--body_typography-font-family); font-size: var(--body_typography-font-size); font-weight: var(--body_typography-font-weight); letter-spacing: var(--body_typography-letter-spacing);\"><b>Master<\/b>&#8216;s degree in Advanced Mathematics and Mathematical Engineering, <\/i><span style=\"background-color: rgba(255, 255, 255, 0); color: var(--body_typography-color); font-family: var(--body_typography-font-family); font-size: var(--body_typography-font-size); font-style: var(--body_typography-font-style,normal); font-weight: var(--body_typography-font-weight); letter-spacing: var(--body_typography-letter-spacing);\">Universitat Polit\u00e8cnica de Catalunya<\/span><span style=\"background-color: rgba(255, 255, 255, 0); color: var(--body_typography-color); font-family: var(--body_typography-font-family); font-size: var(--body_typography-font-size); font-style: var(--body_typography-font-style,normal); font-weight: var(--body_typography-font-weight); letter-spacing: var(--body_typography-letter-spacing);\">): &#8220;Inferring activity statistics in stabilized supralinear networks&#8221;, May 2024.<\/span><\/li>\n<li>Joan Mora (<em><strong>Master<\/strong>&#8216;s degree in Physics Engineering, <\/em>Universitat Polit\u00e8cnica de Catalunya): &#8220;Timescales of perceptual evidence integration in an auditory decision-making task&#8221;, Sept. 2023.<\/li>\n<li><span style=\"background-color: rgba(255, 255, 255, 0); color: var(--body_typography-color); font-family: var(--body_typography-font-family); font-size: var(--body_typography-font-size); font-style: var(--body_typography-font-style,normal); font-weight: var(--body_typography-font-weight); letter-spacing: var(--body_typography-letter-spacing);\">Paul Eduardo S\u00e1nchez (<\/span><span style=\"background-color: rgba(255, 255, 255, 0); color: var(--body_typography-color); font-family: var(--body_typography-font-family); font-size: var(--body_typography-font-size); font-style: var(--body_typography-font-style,normal); letter-spacing: var(--body_typography-letter-spacing);\"><b>Master<\/b><\/span><span style=\"background-color: rgba(255, 255, 255, 0); color: var(--body_typography-color); font-family: var(--body_typography-font-family); font-size: var(--body_typography-font-size); font-style: var(--body_typography-font-style,normal); font-weight: var(--body_typography-font-weight); letter-spacing: var(--body_typography-letter-spacing);\">&#8216;s degree in Building Construction Management): &#8220;Sustainability analysis of Universitat Polit\u00e8cnica de Catalunya Campuses using Geographic Information Systems&#8221;, April 2023.<\/span><\/li>\n<li><span style=\"background-color: rgba(255, 255, 255, 0); color: var(--body_typography-color); font-family: var(--body_typography-font-family); font-size: var(--body_typography-font-size); font-style: var(--body_typography-font-style,normal); font-weight: var(--body_typography-font-weight); letter-spacing: var(--body_typography-letter-spacing);\">Sonia Miani <\/span><strong style=\"background-color: rgba(255, 255, 255, 0); color: var(--body_typography-color); font-family: var(--body_typography-font-family); font-size: var(--body_typography-font-size); font-style: var(--body_typography-font-style,normal); letter-spacing: var(--body_typography-letter-spacing);\">(<em>Master<\/em><\/strong><em style=\"background-color: rgba(255, 255, 255, 0); color: var(--body_typography-color); font-family: var(--body_typography-font-family); font-size: var(--body_typography-font-size); font-weight: var(--body_typography-font-weight); letter-spacing: var(--body_typography-letter-spacing);\">&#8216;s <\/em><em style=\"background-color: rgba(255, 255, 255, 0); color: var(--body_typography-color); font-family: var(--body_typography-font-family); font-size: var(--body_typography-font-size); font-weight: var(--body_typography-font-weight); letter-spacing: var(--body_typography-letter-spacing);\">degree<\/em><em style=\"background-color: rgba(255, 255, 255, 0); color: var(--body_typography-color); font-family: var(--body_typography-font-family); font-size: var(--body_typography-font-size); font-weight: var(--body_typography-font-weight); letter-spacing: var(--body_typography-letter-spacing);\"> in Innovation and Entrepreneurship in Biomedical Engineering<\/em><span style=\"background-color: rgba(255, 255, 255, 0); color: var(--body_typography-color); font-family: var(--body_typography-font-family); font-size: var(--body_typography-font-size); font-style: var(--body_typography-font-style,normal); font-weight: var(--body_typography-font-weight); letter-spacing: var(--body_typography-letter-spacing);\">, Universitat de Barcelona): &#8220;Improving the development of an EEG medical software for epilepsy diagnosis to regulatory guidelines&#8221;, July 2022.<\/span><\/li>\n<li>Arnau Manasanch (<em>Biomedical Engineering <strong>Master<\/strong>&#8216;s degree<\/em>, Universitat Polit\u00e8cnica de Catalunya-Universitat de Barcelona): \u201cComputer interface for the analysis of multiple-scale electrophysiological signals (scalp EEG, iEEG and LFP) from the human brain&#8221;, July 2019.<\/li>\n<li>Jorge Zelaya (<em>Computational Biomedical Engineering <strong>Master<\/strong>&#8216;s degree<\/em>, Universitat Pompeu Fabra): \u201cSpatiotemporal effects of intracranial electrical stimulation into brain areas of epileptic patients\u201d, July 2018.<\/li>\n<li>Arnau Manasanch (<em>Biomedical Engineering <strong>Bachelor<\/strong>&#8216;s degree<\/em>, Universitat Pompeu Fabra): \u201cDesign of a medical integrative platform for seizure-onset zone identification in epileptic patients\u201d, July 2018.<\/li>\n<li>Mar Moya (<em>Biomedical Engineering <strong>Bachelor<\/strong>&#8216;s degree<\/em>, Universitat Pompeu Fabra): \u201cOptimization of seizure onset identification during ictal events\u201d, October 2017.<\/li>\n<li>David Capilla (<em>Double <strong>Bachelor<\/strong>&#8216;s degree in Mathematics and Physics<\/em>, Universitat de Barcelona): \u201cInfluence of stimulus neural coding into decision-making performance: A data-analysis study\u201d, Feb. 2017.<\/li>\n<li>\u00c0lex Triay (<em>Biomedical Engineering <strong>Bachelor<\/strong>&#8216;s degree,<\/em> Universitat Pompeu Fabra): \u201cIntracranial EEG analysis during spatial memory tasks: the role of high frequency oscillations\u201d, July 2016.<\/li>\n<li>Pau de Jorge (<em>Double <strong>Bachelor<\/strong>&#8216;s degree in Mathematics and Physics<\/em>, Universitat de Barcelona): \u201cMutual information: An unbiased quantification of single neuron coding\u201d, June 2016.<\/li>\n<\/ul>\n<div><\/div>\n<\/div><\/div><\/div><\/div><\/div>\n","protected":false},"excerpt":{"rendered":"","protected":false},"author":3,"featured_media":0,"parent":0,"menu_order":0,"comment_status":"closed","ping_status":"closed","template":"","meta":{"om_disable_all_campaigns":false,"_monsterinsights_skip_tracking":false,"_monsterinsights_sitenote_active":false,"_monsterinsights_sitenote_note":"","_monsterinsights_sitenote_category":0,"footnotes":""},"class_list":["post-29","page","type-page","status-publish","hentry"],"aioseo_notices":[],"_links":{"self":[{"href":"https:\/\/ncodelab.org\/index.php\/wp-json\/wp\/v2\/pages\/29","targetHints":{"allow":["GET"]}}],"collection":[{"href":"https:\/\/ncodelab.org\/index.php\/wp-json\/wp\/v2\/pages"}],"about":[{"href":"https:\/\/ncodelab.org\/index.php\/wp-json\/wp\/v2\/types\/page"}],"author":[{"embeddable":true,"href":"https:\/\/ncodelab.org\/index.php\/wp-json\/wp\/v2\/users\/3"}],"replies":[{"embeddable":true,"href":"https:\/\/ncodelab.org\/index.php\/wp-json\/wp\/v2\/comments?post=29"}],"version-history":[{"count":21,"href":"https:\/\/ncodelab.org\/index.php\/wp-json\/wp\/v2\/pages\/29\/revisions"}],"predecessor-version":[{"id":402,"href":"https:\/\/ncodelab.org\/index.php\/wp-json\/wp\/v2\/pages\/29\/revisions\/402"}],"wp:attachment":[{"href":"https:\/\/ncodelab.org\/index.php\/wp-json\/wp\/v2\/media?parent=29"}],"curies":[{"name":"wp","href":"https:\/\/api.w.org\/{rel}","templated":true}]}}